 is -171 + 4?
-169
In base 16, what is 1af - -7?
1b6
In base 11, what is -204 - -3?
-201
In base 3, what is 1200 + -1?
1122
In base 16, what is -4009 + 3?
-4006
In base 2, what is -10110 - -10011?
-11
In base 9, what is 8 + 23?
32
In base 14, what is 1b6 - 5?
1b1
In base 8, what is -633 - 15?
-650
In base 6, what is 2 - -1015?
1021
In base 12, what is 5 - -3?
8
In base 11, what is -7 + -132a?
-1336
In base 4, what is 3 - 10033?
-10030
In base 10, what is 3 - -131?
134
In base 14, what is 3b + -2?
39
In base 4, what is 11 - -321122?
321133
In base 9, what is -1847 + 1?
-1846
In base 6, what is 415 - 4?
411
In base 6, what is 2252 + -3?
2245
In base 6, what is -4 + 304?
300
In base 9, what is 63 - 1?
62
In base 16, what is -22 + -7?
-29
In base 3, what is 0 - 2002101?
-2002101
In base 14, what is 28 + -19d?
-175
In base 11, what is -7 + 251?
245
In base 13, what is 997 - 3?
994
In base 10, what is 4772 - 1?
4771
In base 12, what is -633 + 2?
-631
In base 5, what is 101 + 22?
123
In base 16, what is -5 - 291?
-296
In base 5, what is -12 - -1304?
1242
In base 13, what is 0 + 22?
22
In base 5, what is -300010 - -3?
-300002
In base 7, what is -150 - 60?
-240
In base 3, what is 220 - 1?
212
In base 14, what is 45b - -a?
467
In base 6, what is 112 + -102?
10
In base 3, what is 12222 - -20?
20012
In base 5, what is 241 - 2?
234
In base 5, what is 11 + 2?
13
In base 12, what is 390 + -13?
379
In base 16, what is -3c - -1b?
-21
In base 9, what is 1067 - 30?
1037
In base 15, what is 4 + -1c5?
-1c1
In base 6, what is -12 - 35?
-51
In base 4, what is -1 - -212?
211
In base 15, what is 8b - 2?
89
In base 8, what is -5 + -63?
-70
In base 7, what is -61 - -50?
-11
In base 12, what is 1b - -11?
30
In base 12, what is 2 - -135?
137
In base 12, what is -b33 + 4?
-b2b
In base 5, what is 40420 - -13?
40433
In base 2, what is -110110 + 10010?
-100100
In base 3, what is 22220220 + -11?
22220202
In base 9, what is 0 - 16?
-16
In base 10, what is -206 - 10?
-216
In base 4, what is -20 + 3?
-11
In base 14, what is 73 - 2?
71
In base 12, what is -49 + 114?
87
In base 15, what is 26 - 2?
24
In base 9, what is -36 - 0?
-36
In base 16, what is -63 - -4?
-5f
In base 8, what is 6 - 575?
-567
In base 5, what is 142 + -42?
100
In base 9, what is 8 - -2053?
2062
In base 15, what is -12d + -1?
-12e
In base 6, what is -133 - -3?
-130
In base 2, what is -1 - 11010?
-11011
In base 15, what is -1c88 - 3?
-1c8b
In base 8, what is 2 + 25?
27
In base 7, what is 450 + -16?
431
In base 6, what is -20314 - -2?
-20312
In base 14, what is d + -29?
-1a
In base 8, what is -321 - 0?
-321
In base 16, what is 165 - -3?
168
In base 9, what is -2036 - -13?
-2023
In base 14, what is 6 - 26c?
-266
In base 6, what is 10 - -5521?
5531
In base 16, what is 66 - -25?
8b
In base 12, what is -7 - 87?
-92
In base 9, what is 1 - 43?
-42
In base 13, what is 3c + -3?
39
In base 8, what is 757 - -3?
762
In base 2, what is -11001 - 1111?
-101000
In base 4, what is -213 + -10?
-223
In base 14, what is 12 - 33d?
-32b
In base 4, what is -330 - 30?
-1020
In base 12, what is -1a4 - -3?
-1a1
In base 9, what is -266 + 5?
-261
In base 3, what is 2222001 - -1?
2222002
In base 8, what is -3455 - -5?
-3450
In base 5, what is -1244 + 21?
-1223
In base 12, what is 933 - -4?
937
In base 4, what is -131012 + 2?
-131010
In base 10, what is -5 + 151?
146
In base 5, what is -20 - 2?
-22
In base 2, what is -1101 - 0?
-1101
In base 2, what is 10 + -1100101001?
-1100100111
In base 5, what is 333 - -12?
400
In base 2, what is -1011011000111 - 1?
-1011011001000
In base 13, what is -6 + b5?
ac
In base 13, what is -b + -26?
-34
In base 2, what is -1 + -1100?
-1101
In base 2, what is -111110110 - 1?
-111110111
In base 2, what is 110 + 1011101?
1100011
In base 11, what is 162 + 5?
167
In base 10, what is 309 + 0?
309
In base 2, what is -11 - -11110?
11011
In base 16, what is -1 + 13?
12
In base 7, what is 0 - 610?
-610
In base 11, what is 5 - -368?
372
In base 15, what is -35 - -1?
-34
In base 10, what is -153 + -1?
-154
In base 6, what is 4 - 104?
-100
In base 8, what is -5 - -3?
-2
In base 11, what is -246 - -5?
-241
In base 8, what is 673 + 4?
677
In base 8, what is -256 - -7?
-247
In base 14, what is 5 - -728?
72d
In base 7, what is -1 - 202?
-203
In base 10, what is 42 - 137?
-95
In base 15, what is 7 - -391?
398
In base 3, what is 1212 - -10110?
12022
In base 10, what is -154 + -16?
-170
In base 14, what is 9d38 + 1?
9d39
In base 7, what is 110543 - 3?
110540
In base 16, what is 1 - 1167?
-1166
In base 6, what is 105 + 1?
110
In base 14, what is d + 56?
65
In base 14, what is -1 - 6a3?
-6a4
In base 16, what is -15 - -13a?
125
In base 11, what is -26 + 7?
-1a
In base 5, what is 12 - -1133?
1200
In base 10, what is -26 - 32?
-58
In base 12, what is -25 - 4?
-29
In base 4, what is -2 + 22233?
22231
In base 15, what is 3 - -a?
d
In base 9, what is 105 - -1?
106
In base 9, what is 1687 - -16?
1714
In base 13, what is 1 + a4a?
a4b
In base 3, what is 10 + 20102?
20112
In base 10, what is 42 - 10?
32
In base 12, what is 18a + a?
198
In base 3, what is -121011011 + -1?
-121011012
In base 14, what is -1c5 - -3?
-1c2
In base 12, what is -1 + 9a?
99
In base 7, what is -55 + 2260?
2202
In base 6, what is -4 + -305?
-313
In base 7, what is 4105 - -2?
4110
In base 16, what is 2c + -4?
28
In base 12, what is a - -473?
481
In base 10, what is -7313 + -3?
-7316
In base 15, what is -123 + -1?
-124
In base 8, what is -2 - 50?
-52
In base 11, what is 14 - -7?
20
In base 15, what is 1 + -6c8?
-6c7
In base 15, what is 31 + 11?
42
In base 2, what is 1001100 + 100?
1010000
In base 14, what is 10 + 4?
14
In base 4, what is 101233 - -1?
101300
In base 13, what is 300 + -9?
2c4
In base 12, what is 2 + 27?
29
In base 5, what is 34 + 4?
43
In base 10, what is 18 + -27?
-9
In base 8, what is 510 + 3?
513
In base 3, what is -21 + 11?
-10
In base 3, what is -11 + 121112?
121101
In base 7, what is -4 + 102?
65
In base 8, what is 1606 + -1?
1605
In base 13, what is -31 - -4?
-2a
In base 7, what is -31 + 43?
12
In base 12, what is 2 - a9?
-a7
In base 2, what is -1001101010 - 10111?
-1010000001
In base 2, what is 100011 + 110?
101001
In base 15, what is 4 + -58e?
-58a
In base 5, what is -21 - 1301?
-1322
In base 13, what is 3 + 5?
8
In base 16, what is 2b + -5?
26
In base 5, what is -13 - 10?
-23
In base 12, what is -433 - 4?
-437
In base 8, what is 72 + -24?
46
In base 16, what is 0 - -6?
6
In base 14, what is -34 - -b?
-27
In base 10, what is 0 + -74?
-74
In base 8, what is 1246 + -2?
1244
In base 14, what is -5 + a?
5
In base 7, what is 1601 - 5?
1563
In base 14, what is -3ad + 0?
-3ad
In base 12, what is 1 + 70?
71
In base 6, what is -204 - 4?
-212
In base 3, what is -10221 + 1101?
-2120
In base 10, what is 185 + 3?
188
In base 9, what is 8 + 8?
17
In base 4, what is -20 - 2?
-22
In base 5, what is 10 + 324?
334
In base 13, what is 1 + -3a?
-39
In base 7, what is -33 - -150?
114
In base 4, what is 2002 - -12?
2020
In base 12, what is -b0 - 127?
-217
In base 12, what is 0 + -751?
-751
In base 9, what is 3 + 24?
27
In base 7, what is 2 + -43?
-41
In base 6, what is 5354 + 5?
5403
In base 13, what is -24 - 14?
-38
In base 8, what is -1 + 70?
67
In base 11, what is -2602 + 1?
-2601
In base 7, what is -200 - 126?
-326
In base 9, what is 5 + -115?
-110
In base 11, what is 3 - 557?
-554
In base 8, what is 2 - 1375?
-1373
In base 9, what is -282 - -5?
-276
In base 8, what is 11 + -607?
-576
In base 7, what is -1 + 201?
200
In base 11, what is -962 - 6?
-968
In base 6, what is -1025 - -30?
-555
In base 3, what is 0 + 1212100?
1212100
In base 7, what is -120 + 105?
-12
In base 10, what is 27 - 6?
21
In base 3, what is -11212 + 10?
-11202
In base 11, what is 21 + 10?
31
In base 5, what is 3 - 124?
-121
In base 14, what is 3 - -1000?
1003
In base 16, what is -27 - 0?
-27
In base 6, what is -520 - -5?
-511
In base 10, what is -607 - 2?
-609
In base 11, what is -1a6 + 14?
-192
In base 3, what is -10 + -22100120?
-22100200
In base 6, what is 0 - 100?
-100
In base 4, what is 32302 - -11?
32313
In base 16, what is 214 - 2?
212
In base 5, what is 332 - 3?
324
In base 7, what is -22 - -2425?
2403
In base 5, what is -32 - 113?
-200
In base 10, what is 2 - 37?
-35
In base 16, what 